ose -93*r + 562072 = -1229015. Is r a composite number?
False
Let a = -172 + 142. Is ((-288)/a)/(-12)*9155/(-2) a composite number?
True
Let x(w) = 41*w**3 + 2*w**2 - 5*w + 10. Let j be x(5). Suppose 3*y = 16281 - j. Is y a prime number?
False
Let r be ((-2)/(-3))/(4/6). Is (-1436947)/(-436) - (r/(-4) - -1) a composite number?
True
Let c(r) be the first derivative of -r**4/4 + 8*r**3/3 - 3*r**2 - 7*r + 2. Let w be c(7). Suppose w*q = 5*n + 4*q - 13551, 2*q - 10836 = -4*n. Is n prime?
True
Let i = 4851 + -1485. Let x = i - 2179. Is x a composite number?
False
Let x(o) = 11*o**2 + 23*o + 2. Let z be x(-2). Suppose -8*m + 4140 - 996 = z. Is m composite?
True
Suppose -14*k - 955325 = -19*k + 10*z, k - 191060 = -3*z. Is k a composite number?
True
Let i(f) = -f**3 + 25*f**2 - 4*f + 7. Let k(u) = -12*u**2 - 14*u**2 - u**3 + 2*u**3 + 0*u**2 - 7 + 4*u. Let w(q) = 6*i(q) + 5*k(q). Is w(8) composite?
False
Let x be -6*(1*4462)/(-9 + 6). Let o = x - 5717. Is o composite?
True
Let a = -99966 + 364969. Is a composite?
False
Suppose -3*f + 1118 = -13930. Let q = f - 2579. Is q prime?
True
Suppose -50*r = -47*r - 33. Suppose r*c = 4*c + 4403. Is c a composite number?
True
Suppose -5*r + 5367712 = 4*i, 2683838 = 2*i + 511*r - 513*r. Is i prime?
False
Let u(o) = 787*o + 6. Let r be u(-2). Is 2 + 1 + (23 - r) composite?
True
Let l(s) = -83*s + 11. Let b(k) = -167*k + 20. Let a(d) = 3*b(d) - 7*l(d). Is a(9) a prime number?
False
Let c = -126224 - -72504. Let f be (-6)/(-21) + 486/14. Is ((-6)/(-21))/2 - c/f a prime number?
False
Suppose -280*h + 101*h + 66545935 = 0. Is h a prime number?
False
Let k = -7476 + 40853. Is k prime?
True
Let o be ((-4)/6)/(3/((-774)/2)). Suppose -m + o = -2*q, -m = 9*q - 7*q - 78. Is m a composite number?
True
Let b = 178327 + -66104. Is b a prime number?
True
Let z be -6*(0 - (-9)/(-6)). Let a be (0 + -84)*8/(-12)*1. Suppose h - a - z = 0. Is h a prime number?
False
Let l(a) = -a**3 + 26*a**2 + 4*a - 1. Suppose -23 = -r + 4*m, -r + 20 = -m - 3. Let i be l(r). Let p = i - 999. Is p composite?
True
Let w(z) = 21*z + 174. Let m be w(-8). Is (27992/m)/((-6)/(-9)) prime?
False
Let s = 14403 - -1324. Is s a prime number?
True
Let q = -4992 + -4023. Let c = -5852 - q. Is c a prime number?
True
Let x(c) = c**3 + 9*c**2 - 17*c + 14. Let g be x(-15). Let f = 860 - g. Is f composite?
True
Suppose 14*k - 622068 = 3*k - k. Is k composite?
False
Let m be (((-15)/2)/(-5))/(2/108). Let r = m - 93. Is (87 - -3)*23 - r/4 composite?
True
Is 1505132/(-6)*(6/(-24))/(14/84) prime?
True
Suppose -37*b = 22*b. Suppose 3*n + 764 = 4*u - 38, b = 2*u - 2*n - 402. Is u a composite number?
False
Let j = 1258 + -885. Let l(p) = -3*p**3 - 2*p**2 + 1. Let s be l(-1). Suppose -141 = -f + s*b, -3*f - 4*b + j = -0*b. Is f composite?
False
Suppose -5*y - 5*c - 613948 = -2404458, 4*y = 9*c + 1432369. Is y prime?
False
Let v = 388 + -49. Suppose -14*i + 81 = -v. Is (-2446)/(-4) - (-45)/i composite?
False
Let w = -25865 + 43110. Is w a composite number?
True
Let p = 1735 + 2146. Is p prime?
True
Let m = -142763 - -370482. Is m composite?
False
Let u be 19 + 6/(-36)*0. Suppose u*v - 20188 = 26419. Is v composite?
True
Suppose 16 = -0*d + 2*d. Let q be (-819)/(-6)*d/12. Suppose 4*c + q = 2807. Is c prime?
False
Let u(i) = 3*i**2 - i + 15. Let s = -120 + 174. Let c = s + -46. Is u(c) a composite number?
False
Let f(n) = n**3 - 17*n**2 + n - 21. Let a be f(17). Let d = a - -2477. Is d a prime number?
True
Let l = 25672 + -2067. Is l a prime number?
False
Let o = 10 - 5. Let b = -14 + o. Let v(l) = 40*l**2 + 2*l - 17. Is v(b) composite?
True
Let v(c) = 5*c**2 - 2*c**2 - 194 + 12*c + 226. Let l be v(-13). Suppose 3407 = 5*b - l. Is b a prime number?
False
Suppose -5*d = 3*d - 24. Let g be 0/(8 + -4 + -1). Suppose g = -d*k + 12*k - 15165. Is k composite?
True
Let t(c) = -677*c**2 - 12*c + 51. Let o be t(6). Let q = 57080 + o. Is q a prime number?
True
Suppose -5*u - 9 = 2*h, 2*h - 10 = 4*u + 8. Suppose -8*g + h*g - 4*s + 6855 = 0, -5*s = -2*g + 2742. Is g composite?
True
Suppose 0 = 4*i - 3*y + 84, y - 64 = 2*i + 5*y. Let t = i + 27. Suppose -x - x - 3574 = -4*h, 2684 = t*h - 5*x. Is h composite?
True
Is (7/7)/(13/390273) a prime number?
False
Suppose 607704 + 353560 = 16*a. Let m = a - 34640. Is m prime?
True
Suppose -629*o + 632*o = 24. Suppose 0 = o*w - 38330 + 3634. Is w composite?
False
Let v(w) = -90*w**3 - 34*w**2 + 36*w - 65. Is v(-12) a composite number?
True
Let l(o) = o**3 + 16*o**2 - 18*o - 12. Let p be l(-17). Suppose p*d = 12*d - 25956. Let f = -1313 + d. Is f prime?
False
Let o be -1*(-3)/(-15)*-5. Let i(f) = -849*f + 1. Let z be i(1). Is o/5 - z/10 a composite number?
True
Let c(v) = 124*v**2 + 4*v + 2. Let z(b) = -124*b**2 - 5*b - 2. Let l(t) = 3*c(t) + 2*z(t). Is l(2) composite?
True
Suppose 124036 = -b + 5*b. Is b prime?
False
Suppose 41586 = -27*y + 15558. Let l be (-1336)/5 + 2/10. Let p = l - y. Is p prime?
False
Let d be (1 + (1 - 188))/(7/(-2443)). Is d/10 - ((-40)/25 + 2) composite?
False
Suppose 64*g = -2*q + 67*g + 132982, -2*q + 4*g + 132978 = 0. Is q composite?
True
Suppose -67015 - 45780 = -75*n + 70*n. Is n composite?
True
Let n(i) = 293*i**2 - 91*i - 281. Is n(-3) prime?
False
Suppose 0 = -160*t + 159*t - 16. Is 51667/49 - t/28 a composite number?
True
Let c = -36 - 164. Let h = c + 987. Is h composite?
False
Let y(i) = 8*i - 28. Let n be y(5). Suppose 0 = -x - 2*d - 1 + n, 21 = 3*x + 3*d. Suppose 0 = 3*f + 9, 3*f = -x*o - 0*f + 4074. Is o a prime number?
True
Is (-16)/(-6) - 5153597/(-141) a composite number?
True
Let f(m) = -21*m - 12. Let c be 6 + (-20)/5 - (1 + 3). Let z be f(c). Suppose 25*n - z*n + 1295 = 0. Is n a composite number?
True
Let d(j) be the second derivative of -j**5/2 + j**4/6 - j**3/2 - 5*j**2/2 + 8*j. Suppose -c + 6*c + 20 = 0. Is d(c) composite?
True
Suppose 132 = -6*b + 390. Let v = b + -50. Is 30/(-105) - 6211/v composite?
False
Let o(t) = 15*t + 124. Let k be o(-8). Suppose 0 = k*q - 3*a - 2318, 3*q - 6*a + 5*a = 1741. Is q a composite number?
True
Let d(z) = -6240*z**3 - 3*z**2 - 3*z - 1. Suppose 5*n + 12 = -4*s + n, -4*s = -2*n. Is d(s) a prime number?
False
Let t be 2 + -559 + -7 - (-3 + 8). Let v(l) = 4*l**2 - 7*l - 12. Let z be v(-8). Let i = z - t. Is i a prime number?
False
Let y be (-18)/(-6) - -2973 - (-1 + -3). Suppose k - 11974 = x, 5*k - x + y = 62830. Is k a prime number?
True
Let u = -1634830 + 2993843. Is u a composite number?
True
Let r be (-6)/5*20/(-6). Let s(b) be the first derivative of 77*b**3/3 - 3*b + 168. Is s(r) a prime number?
True
Let c(d) = -57*d + 109. Let g(p) = -p**3 - 10*p**2 + 39*p - 14. Let y be g(-13). Is c(y) a composite number?
False
Let q(p) = 1843*p + 24. Suppose 20 = 3*b - 4*b - 5*l, 0 = l + 5. Is q(b) a prime number?
True
Let m(s) = 22*s**2 + 37*s - 546. Is m(29) a prime number?
False
Let v(d) = 15*d - 6. Let b(i) = i**2 + 2*i - 4. Suppose -9*j + 15 = -4*j. Let f be b(j). Is v(f) a prime number?
False
Let m(h) = 153*h + 29 + 45*h + 137*h + 104 + 1. Is m(3) composite?
True
Suppose 0 = -5*z - 618 - 577. Let f = 480 - z. Is f a prime number?
True
Let r = -132270 - -186521. Is r a composite number?
False
Let l be (30/4)/((-4)/(-3336)). Suppose 0 = -19*w + 5734 + l. Is w a prime number?
True
Let g = 36916 - 13499. Is g composite?
False
Let k = 72 - 234. Suppose -9*l + 894 = 75. Let q = l - k. Is q a composite number?
True
Suppose -f = 60*u - 59*u - 241726, -2*f = 3*u - 725185. Is u a composite number?
True
Let x = -2796 + 4783. Suppose -4*b - 16 = 0, -5*i - 2*b = -3*i + 2738. Let c = x + i. Is c prime?
False
Let k(w) = 29487*w**2 + 321*w + 641. Is k(-2) composite?
True
Let a = 587 - 961. Let t = 184 - a. Suppose -5*l - l = -t. Is l prime?
False
Suppose -1 = -14*g - 1. Suppose 5*i + 3*l - 14 - 35 = 0, g = 4*i + 4*l - 44. Is 15/(-20) - (-22526)/i composite?
True
Let j(b) be the third derivative of b**5/6 + 7*b**4/24 - 10*b**3/3 - 17*b**2. Let h be ((-18)/(-8))/((-8)/(-32)). Is j(h) composite?
False
Let w(o) = 5739*o - 3052. Is w(7) composite?
True
Suppose -4*x + 14975 = -6581. Suppose -2*m + 12210 = -c - x, -35213 = -4*m - 3*c. Is (0 - -1)/(13/m) prime?
True
Let z be -2*(-3)/27 + 14616040/(-180). Is z/(-22) + 13/143 prime?
True
Let k(b) = b - 11. Let s be k(9). Let c(z) = 44*z**2 + 5*